{"id":2515,"date":"2009-07-09T18:56:28","date_gmt":"2009-07-09T16:56:28","guid":{"rendered":"http:\/\/www.tour-blog.de\/?page_id=2515"},"modified":"2011-07-16T15:45:05","modified_gmt":"2011-07-16T13:45:05","slug":"blogroll-und-linkliste","status":"publish","type":"page","link":"https:\/\/www.tour-blog.de\/?page_id=2515","title":{"rendered":"Blogroll und Linkliste"},"content":{"rendered":"<p>In den Weiten des Internets gibt es viele tolle Seiten; einige davon m\u00f6chte ich Euch hier vorstellen. Die meisten davon besuche ich selbst t\u00e4glich, oder habe sie als Feed aboniert. Ein Besuch lohnt sich also.<\/p>\n<h2><strong>Meine Lieblingsblogs:<\/strong><\/h2>\n<ul>\n<li><a title=\"balconyTV\" href=\"http:\/\/www.balconytv.de\/Hamburg.aspx\" target=\"_blank\">balconyTV<\/a>: hier k\u00f6nnt Ihr t\u00e4glich einen Auftritt einer Hamburger Band oder eines K\u00fcnstlers sehen, der einen Song auf einem Balkon direkt am Spielbudenplatz (Reeperbahn) darbietet.<\/li>\n<li><a title=\"Die Herren Weltweit &amp; Co.\" href=\"http:\/\/admiraldon.wordpress.com\/\" target=\"_blank\">Die Herren Weltweit &amp; Co.<\/a>: Dan ist Backliner, also jemand, der sich um die Instrumente von Musikern k\u00fcmmert, und er schreibt von seinen Erfahrungen auf Tour und was ihn sonst noch so interessiert.<\/li>\n<li><a title=\"Die Nachtschwester\" href=\"http:\/\/nachtaktiv.twoday.net\/\" target=\"_blank\">Die Nachtschwester<\/a>: zwar schreibt die Schwester sehr unregelm\u00e4\u00dfig, aber wenn sie schreibt, dann ist es toll. Die Nachtschwester ist leitende Intensivpflegerin und zur Zeit in einem Zerfallteil des Tito&#8217;schen Reichs besch\u00e4ftigt.<\/li>\n<li><a title=\"Die R\u00fcckseite der Reeperbahn\" href=\"http:\/\/www.mattwagner.de\/blog.htm\" target=\"_blank\">Die R\u00fcckseite der Reeperbahn<\/a>: Matt wohnt auf Pauli. Da\u00df es da nicht langweilig ist, kann man sich ja denken.<\/li>\n<li><a title=\"Fernfahrerblog\" href=\"http:\/\/www.fernfahrerblog.de\/\" target=\"_blank\">Fernfahrerblog<\/a>: Uwe ist wie ich viel unterwegs und das verbindet uns.<\/li>\n<li><a title=\"Frl. Krise\" href=\"http:\/\/frlkrise.wordpress.com\/\" target=\"_blank\">Frl. Krise<\/a>: ist Hauptschullehrerin an einer Schule mit hohem Ausl\u00e4nderanteil und schreibt ein unglaublich tolles Blog \u00fcber ihre Sicht der Dinge.<\/li>\n<li><a title=\"HD Schellnack\" href=\"http:\/\/www.hdschellnack.de\/\" target=\"_blank\">HD Schellnack<\/a>: Dirk kenne ich seit vielen, vielen Jahren. Er war mal Trommler in einer Band, in der ich Bandmischer war. Heute ist er ein erfolgreicher Graphiker und Designer.<\/li>\n<li><a title=\"Kays Weblog\" href=\"http:\/\/www.weblogy.de\/\" target=\"_blank\">Kays Weblog:<\/a> ein Hamburger Bloggerkollege, der auch sch\u00f6n viele Photos macht.<\/li>\n<li><a title=\"ker0zene\" href=\"http:\/\/www.ker0zene.de\/blog\/\" target=\"_blank\">ker0zene<\/a>: aus Paderborn kommen einige gute Blogs, das hier ist eines davon.<\/li>\n<li><a title=\"Kroetengruen\" href=\"http:\/\/www.kroetengruen.de\/wordpress\/\" target=\"_blank\">Kroetengruen<\/a>: Flocke verstarb leider am 13.12.2009. Ich hoffe trotzdem, da\u00df Ihr Blog uns noch erhalten bleibt, denn Karin war eine lustige, lebensbejahende Frau, deren Posts man auch im Nachhinein noch gut lesen kann.<\/li>\n<li><a title=\"Luzie - der Schrecken der Stra\u00dfe\" href=\"http:\/\/luzie.twoday.net\/\" target=\"_blank\">Luzie &#8211; der Schrecken der Stra\u00dfe<\/a>: so schrecklich ist Luzie gar nicht. Sonst k\u00e4men ja auch keine Kunden in ihren kleinen Laden auf&#8217;m Prenzel.<\/li>\n<li><a title=\"Modern Mechanix\" href=\"http:\/\/blog.modernmechanix.com\/\" target=\"_blank\">Modern Mechanix<\/a>: manchmal stecken hinter alten Ideen hochmoderne Gedanken. In Modern Mechanix kann man alte Plakate, Prospekte und Ank\u00fcndigungen sehen, die damals Technik anpreisten, die noch heute aktuell ist.<\/li>\n<li><a title=\"Niemandsdinge\" href=\"http:\/\/mianiemand.blogspot.com\/\" target=\"_blank\">Niemandsdinge<\/a>: Mia ist auch aus Paderborn und schreibt erfrischend frisch.<\/li>\n<li><a title=\"SciLogs\" href=\"http:\/\/www.scilogs.de\/\" target=\"_blank\">SciLogs<\/a>: ein unglaublich toll geschriebenes wissentschaftliches Blog.<\/li>\n<li><a title=\"Der Shopblogger\" href=\"http:\/\/www.shopblogger.de\/blog\/\" target=\"_blank\">Der Shopblogger<\/a>: ein Klassiker unter den Berufsblogs. Lustige Geschichten aus einem Bremer Supermarkt.<\/li>\n<li><a title=\"Taxi - Blog\" href=\"http:\/\/www.taxi-blog.de\/wordpress\/\" target=\"_blank\">Taxi &#8211; Blog<\/a>: Taxifahrer kommen viel rum und haben darum viel zu erz\u00e4hlen. Kein Wunder, da\u00df es mehrere bloggende Taxifahrer gibt. Dieses Blog ist ebenfalls aus Paderborn.<\/li>\n<li><a title=\"Der Taxiblogger\" href=\"http:\/\/www.taxiblogger.de\/\" target=\"_blank\">Der Taxiblogger<\/a>: Der Taxiblogger berichtet neuerdings aus Berlin (fr\u00fcher aus Frankfurt).<\/li>\n<li><a title=\"The Maastrix\" href=\"http:\/\/www.themaastrix.net\/\" target=\"_blank\">The Maaastrix<\/a>: Photograph Marco twittert leider immer mehr und blogt weniger, was \u00e4rgerlich ist, gef\u00e4llt mir doch sein Stil sehr.<\/li>\n<li><a title=\"Theaterblogs\" href=\"http:\/\/theaterblogs.de\/\" target=\"_blank\">Theaterblogs<\/a>: Portal f\u00fcr Blogs rund ums Theater.<\/li>\n<li><a title=\"TruckOnline\" href=\"http:\/\/truckonline.de\/blog\/\" target=\"_blank\">TruckOnline<\/a>: noch ein bloggender Trucker, dessen Geschichten ich gern lese.<\/li>\n<\/ul>\n<h2><strong>Sch\u00f6ne Photoblogs:<\/strong><\/h2>\n<ul>\n<li><a title=\"Mein Photoblog tour - focus\" href=\"http:\/\/www.tour-focus.de\" target=\"_blank\">tour &#8211; focus<\/a>: Werbung in eigener Sache \u2014 das ist mein Photoblog<\/li>\n<li><a title=\"A walk through Durham Townshop\" href=\"http:\/\/www.durhamtownship.com\/\" target=\"_blank\">A walk through Durham Township<\/a>: diese Bilder sind vom Land. Und sie sind wundersch\u00f6n. Kathleen schafft es immer wieder, ganz besondere Perspektiven zu entwickeln und sogar einer Stadtratte wie mir das Landleben schmackhaft zu machen.<\/li>\n<li><a title=\"Afraid to see\" href=\"http:\/\/www.afraidtosee.net\/index.php\" target=\"_blank\">Afraid ro see<\/a>: Andrew photographiert eine gro\u00dfe Bandbreite an Dingen, immer mit gro\u00dfer Liebe zum Detail.<\/li>\n<li><a title=\"Annette Pr\u00fcfers Photoblog 8Punkt9\" href=\"http:\/\/www.8punkt9.de\/\" target=\"_blank\">Annette Pr\u00fcfer<\/a>: analoge Schwarzwei\u00dfbilder, manchmal auch Mittelformat. Sehr sch\u00f6n gesehen.<\/li>\n<li><a title=\"benber\" href=\"http:\/\/benber.se\/\" target=\"_blank\">Benjamin Bergh<\/a>: ein junger schwedischer Photograph mit sehr warmen Bildern.<\/li>\n<li><a title=\"Daily dose of imagery\" href=\"http:\/\/wvs.topleftpixel.com\/\" target=\"_blank\">Daily dose of imagery<\/a>: Sam wohnt eigentlich in Kanada, kommt aber viel rum. Dadurch gibt es auch f\u00fcr uns viel zu sehen.<\/li>\n<li><a title=\"Feaverish Photography Blog\" href=\"http:\/\/feaverishphotography.com\/blog\/\" target=\"_blank\">Feaverish Photography Blog<\/a>: Blog, das verschiedene Photographen vorstellt. Eine wirklich tolle \u00dcbersicht.<\/li>\n<li><a title=\"Jottkah\" href=\"http:\/\/www.jottkah.de\/photoblog\/\" target=\"_blank\">Jottkah<\/a>: Julia kommt aus dem Ruhrgebiet und als geb\u00fcrtiger Ruhrgebietler ist mir das nat\u00fcrlich sympathisch. Au\u00dferdem mag ich Ihre Perspektive.<\/li>\n<li><a title=\"ker0zene\" href=\"http:\/\/www.ker0zene.de\/photoblog\/\" target=\"_blank\">ker0zene<\/a>: nanu, den Namen hatten wir doch schon bei den Blogs ?\u00a0 Stimmt, ker0zene blogt <em>und<\/em> photographiert. Und beides sehr gut. Darum also doppelt.<\/li>\n<li><a title=\"Netzk\u00fcssen\" href=\"http:\/\/www.anne.amazeman.com\/pixelpost\/\" target=\"_blank\">Netzk\u00fcssen<\/a>: ein Photoblog mit einer ganz tollen Idee: zu jedem Bild gibt es auch einen Song, den Anne mit der Situation verbindet. Super, oder ?<\/li>\n<li><a title=\"Nicole Zaborowska\" href=\"http:\/\/www.nici.nu\/\" target=\"_blank\">Nicole Zaborowska<\/a>: junge Schwedin, die leider viel zu wenig photographiert, dann aber mit gutem Auge.<\/li>\n<li><a title=\"Pan-O-Rama\" href=\"http:\/\/allerh.antville.org\/\" target=\"_blank\">Pan-O-Rama<\/a>: als Panoramaphotofan ist doch klar, da\u00df hier auch ein Panoramaphoto &#8211; Photoblog sein mu\u00df, oder ?<\/li>\n<li><a title=\"Panoramicum\" href=\"http:\/\/panoramicum.de\/\" target=\"_blank\">Panoramicum<\/a>: Klaus macht wirklich umwerfende Panoramaphotos, Planetenbilder und Escher &#8211; \u00e4hnliche Photos. Sehr, sehr sehenswert.<\/li>\n<li><a title=\"Photoschau\" href=\"http:\/\/www.photoschau.de\/\" target=\"_blank\">Photoschau<\/a>: die Bilder hier sind fast immer von unglaublicher Klarheit und wirken auf den ersten Blick oft einfach. Aber nur auf den ersten Blick !<\/li>\n<li><a title=\"Smudo\" href=\"http:\/\/www.smudo.org\/blog\/\" target=\"_blank\">Smudo<\/a>: ist nicht der S\u00e4nger einer deutschen Kapelle, sondern ein schwedischer Photograph.<\/li>\n<li><a title=\"The daily sunrise\" href=\"http:\/\/www.thedailysunrise.com\/\" target=\"_blank\">The daily sunrise<\/a>: hier gibt es Bilder eines jungen Photographen aus Indien. Manchmal fremd, aber immer sch\u00f6n.<\/li>\n<li><a title=\"Vivian Maier\" href=\"http:\/\/vivianmaier.blogspot.com\/\" target=\"_blank\">Vivian Maier<\/a>: sehr sch\u00f6ne Mittelformat &#8211; Bilder aus den 50er bis 70er Jahren einer erst k\u00fcrzlich entdeckten Photographin<\/li>\n<\/ul>\n<h2>Sonstige Links:<\/h2>\n<ul>\n<li><a title=\"DTHG\" href=\"http:\/\/www.dthg.de\/\" target=\"_blank\">DTHG<\/a>: die Deutsche Theatertechnische Gesellschaft ist der Berufsverband f\u00fcr Theatertechniker. Auf der Seite gibt es nicht nur Verbandsarbeit, sondern auch viele Gesetzestexte rund ums Theater zum Nachlesen.<\/li>\n<li><a title=\"Media Resource Group\" href=\"http:\/\/www.mediaresourcegroup.de\" target=\"_blank\">Media Resource Group<\/a>: mein Arbeitgeber. Eine Firma f\u00fcr Veranstaltungstechnik. Nat\u00fcrlich eine der besten der Welt ;-)<\/li>\n<li><a title=\"Oha !\" href=\"http:\/\/www.chrickel.eu\/index.php?option=com_content&amp;task=section&amp;id=6&amp;Itemid=28\" target=\"_blank\">Oha !<\/a>: hier kann man sch\u00f6ne Bilder rund um die Veranstaltung sehen. Aber nicht die erfolgreichen Produktionen sind zu entdecken, sondern Installationen, wie man es ganz bestimmt nicht machen sollte.<\/li>\n<li><a title=\"VPLT\" href=\"http:\/\/www.vplt.org\/\" target=\"_blank\">VPLT<\/a>: Verband f\u00fcr professionelle Licht- und Tontechnik. Das ist gewisserma\u00dfen &#8222;mein&#8220; Berufsverband. Auch hier findet man viele Informationen rund um die Veranstaltungstechnik und deren Rechtslage.<\/li>\n<\/ul>\n","protected":false},"excerpt":{"rendered":"<p>In den Weiten des Internets gibt es viele tolle Seiten; einige davon m\u00f6chte ich Euch hier vorstellen. Die meisten davon besuche ich selbst t\u00e4glich, oder habe sie als Feed aboniert. Ein Besuch lohnt sich also. Meine Lieblingsblogs: balconyTV: hier k\u00f6nnt Ihr t\u00e4glich einen Auftritt einer Hamburger Band oder eines K\u00fcnstlers sehen, der einen Song auf &hellip; <a href=\"https:\/\/www.tour-blog.de\/?page_id=2515\" class=\"more-link\"><span class=\"screen-reader-text\">\u201eBlogroll und Linkliste\u201c<\/span> weiterlesen<\/a><\/p>\n","protected":false},"author":7,"featured_media":0,"parent":0,"menu_order":1,"comment_status":"open","ping_status":"open","template":"","meta":[],"_links":{"self":[{"href":"https:\/\/www.tour-blog.de\/index.php?rest_route=\/wp\/v2\/pages\/2515"}],"collection":[{"href":"https:\/\/www.tour-blog.de\/index.php?rest_route=\/wp\/v2\/pages"}],"about":[{"href":"https:\/\/www.tour-blog.de\/index.php?rest_route=\/wp\/v2\/types\/page"}],"author":[{"embeddable":true,"href":"https:\/\/www.tour-blog.de\/index.php?rest_route=\/wp\/v2\/users\/7"}],"replies":[{"embeddable":true,"href":"https:\/\/www.tour-blog.de\/index.php?rest_route=%2Fwp%2Fv2%2Fcomments&post=2515"}],"version-history":[{"count":0,"href":"https:\/\/www.tour-blog.de\/index.php?rest_route=\/wp\/v2\/pages\/2515\/revisions"}],"wp:attachment":[{"href":"https:\/\/www.tour-blog.de\/index.php?rest_route=%2Fwp%2Fv2%2Fmedia&parent=2515"}],"curies":[{"name":"wp","href":"https:\/\/api.w.org\/{rel}","templated":true}]}}